(-14).
2, 5
Suppose 4170*s - 2600 = 4166*s. What are the prime factors of s?
2, 5, 13
Let h(p) = -22*p**3 - 13*p**2 - 42*p + 21. List the prime factors of h(-5).
2, 83
Let d(g) = 74*g**3. Suppose 2*t - 4 = 0, -7*k + t + 3 = -2*k. Let q be d(k). Suppose q + 4 = 3*a. What are the prime factors of a?
2, 13
Let c be -2*3*(21/(-6) - 1). Suppose -5*j - w = -6*w - 185, -j = 4*w - c. What are the prime factors of j?
5, 7
What are the prime factors of 0 - (5040/(-3) - 0)?
2, 3, 5, 7
Suppose 0 = 54*v - 69*v + 3510. What are the prime factors of v?
2, 3, 13
Suppose 3*f + 2*f = -4*a - 2, -5*f = -4*a - 22. Suppose f*z = 111 - 25. What are the prime factors of z?
43
Suppose s = -1, 0 = 5*x + 4*s + 4 - 0. Suppose 4*v = -x*v + 188. List the prime factors of v.
47
List the prime factors of 4 + (-9)/(-6) + 5844/8.
2, 23
Let m be (-9)/(9/(-28)) - 3. What are the prime factors of 5*10/m*(0 - -32)?
2
Suppose 0 = 4*s - 7647 - 8209. List the prime factors of s.
2, 991
Let d(k) be the third derivative of k**4/2 + k**3/2 - 6*k**2. Let v(t) = 60*t + 16. Let m(a) = -24*d(a) + 5*v(a). List the prime factors of m(3).
2, 11
List the prime factors of 2/5 + (-6)/75*-57795.
2, 17
Suppose 3*s + 10 = 4*s. Suppose -6*a = -a - s. Suppose a*i - 80 = -28. List the prime factors of i.
2, 13
Let q(g) = -4*g - 4. Let r be q(8). Let s = 4 - r. List the prime factors of (9/(-6))/((-15)/s).
2
Suppose -n - 5*u + 2054 = 0, 0 = 3*n + 9*u - 11*u - 6145. What are the prime factors of n?
3, 683
Let s = 234 - 206. List the prime factors of s.
2, 7
Let d(m) = 7*m - 58. Let o be d(29). Let x = 206 - o. What are the prime factors of x?
61
Let k(s) = s + 280. Let u = -7 + 7. Let y be k(u). What are the prime factors of (-6)/4*y/(-21)?
2, 5
Suppose -93 = 2*a + 5*u - 1246, 0 = -4*a + 5*u + 2231. What are the prime factors of a?
2, 3, 47
Suppose -3*s + 3*m = 59 - 5, 2*m = -3*s - 29. Let o be -3*3/9*s. Suppose -5*f = 3*i - 179 - o, -128 = -2*i + 3*f. What are the prime factors of i?
2
Let w(x) = -3*x - 3. Let c be w(5). Let v(m) = -m**3 + 8*m**2 - 5*m + 7. Let q be v(7). Let i = q - c. List the prime factors of i.
3, 13
List the prime factors of ((-5)/15)/((-79960)/26652 - -3).
2221
Suppose -5*v = -62 + 12. Let l = 58 - v. What are the prime factors of l?
2, 3
Suppose 1595 = 7*d - 7799. What are the prime factors of d?
2, 11, 61
Let w = 2986 - 233. What are the prime factors of w?
2753
Suppose -2*x - 25 = 3*b - 304, -4*x + 3*b + 603 = 0. What are the prime factors of x?
3, 7
Let p(z) be the third derivative of z**6/30 - z**5/12 - z**4/8 + 4*z**3/3 + 41*z**2. List the prime factors of p(4).
2, 43
Let u(c) = 7 - 39*c**3 - 23*c**3 + 61*c**3. Let k be (0/(-1))/(2 - 0). List the prime factors of u(k).
7
Suppose -g - 1788 - 344 = -3*k, 5*k = 5*g + 3550. List the prime factors of k.
3, 79
Let c = 346 - 212. Suppose 3*q - 205 = -0*l - 5*l, 2*q - c = -2*l. List the prime factors of q.
5, 13
List the prime factors of (3*(-857)/4)/((-9)/12).
857
Suppose -4*t - p = -3056, 48*t - 4*p + 1514 = 50*t. List the prime factors of t.
3, 5, 17
Let o(d) = d**2 + 5*d - 22. Let y be 6 - (-2 - -2 - 0). List the prime factors of o(y).
2, 11
Suppose -2*u - 15935 = -5*v, 10*u - 13*u = 15. List the prime factors of v.
5, 7, 13
Let u(f) = 24*f - 134. What are the prime factors of u(29)?
2, 281
Let v be ((-3)/(-9))/((-4)/(-156)). Let l(z) = -z**3 + 14*z**2 - 13*z + 9. Let g be l(v). What are the prime factors of ((-42)/g)/(5/(-15))?
2, 7
Let l(y) = y**3 + 5*y**2 + 3*y - 5. List the prime factors of l(-3).
2
Let y = -175 - 170. What are the prime factors of y*(20/(-15))/4?
5, 23
Suppose -3*t + 0 = -6. Let w be ((-12)/9)/(1 + 5/(-3)). What are the prime factors of w + 38 - (t - 3)?
41
Let r(w) = -9*w + 4 + 6*w**2 - 7*w + 3*w. What are the prime factors of r(6)?
2, 71
Suppose -4*v + 5*y = -844, -4*v + 1010 = v + 5*y. List the prime factors of v.
2, 103
List the prime factors of (((-2655)/(-10))/(-9))/((-4)/48).
2, 3, 59
Let j(o) = -14*o - 6*o**3 + 2*o**2 + 5*o**3 + 7*o**2 - 1 + 4*o**2. List the prime factors of j(11).
3, 29
Let l be (-4)/14 - 3*76/84. Let u(f) = 4*f**2 + 8. What are the prime factors of u(l)?
2, 11
Let g be (-109)/(-6) + 11/(-66). Let l be 57/g - (-2)/(-12). Suppose -4*u + 3*r = -70, -l*u - 2*r = -0*r - 44. What are the prime factors of u?
2
Let y(m) = -4*m + 20. Let n be y(4). Suppose -n*a = -3*g + 704, 1188 = -0*g + 5*g - 3*a. List the prime factors of g.
2, 3, 5
Let k(m) = -61*m - 107. List the prime factors of k(-7).
2, 5
Let h(d) = -227*d - 569. List the prime factors of h(-14).
2609
Let l(v) = 3*v**2 - 1. Let w(i) = i - 12. Let y be w(13). What are the prime factors of l(y)?
2
Suppose 12*c - 4575 = 7*c. List the prime factors of c.
3, 5, 61
Let y be (-7 - -2)*18/(-10). Let z = -4 + y. Suppose -4*m - 66 = -r, -z*r = m - 13 - 212. What are the prime factors of r?
2, 23
Let g(i) = -i**3 + i**2 + 26*i - 56. What are the prime factors of g(-15)?
2, 19, 83
Suppose 0*z = 5*z - 630. Suppose 0 = -2*w - 4*d - 168, 4*w + d + 2*d + 311 = 0. Let t = w + z. What are the prime factors of t?
2, 13
Let u = 27 - 26. Let d(v) = 15*v**3 - v**2 - v + 1. What are the prime factors of d(u)?
2, 7
Let j(w) = 3*w**2 - 8*w - 4. Let a(l) = l**2 - 2*l - 1. Let z(q) = 22*a(q) - 6*j(q). Let i(r) = r**2 - 5*r - 3. Let m be i(6). List the prime factors of z(m).
2, 5
Let z = -1 + 1. Let t = -147 + 152. Suppose -s + t*s - 160 = z. List the prime factors of s.
2, 5
What are the prime factors of -6*(-2)/24*774?
3, 43
Let s = 14 - 8. Suppose v - s*v = -465. What are the prime factors of v?
3, 31
Let k = -14 + 18. Suppose k*i - 55 = -i + 4*t, 0 = -3*i + 5*t + 46. List the prime factors of i.
7
Let s(t) = -306*t + 59. What are the prime factors of s(-6)?
5, 379
Suppose 3*h + p - 25 - 10 = 0, 4*h + p - 46 = 0. List the prime factors of 70/4*11/(h/2).
5, 7
Suppose 5*m = -3*m + 240. List the prime factors of ((-1)/(-1) - m/10) + 13.
11
Suppose -1163 - 130 = -3*g + j, -2154 = -5*g + 2*j. List the prime factors of g.
2, 3
Suppose -14*n - 5756 + 17670 = 0. What are the prime factors of n?
23, 37
Let a be (-1)/(-3) + 400/24. Suppose 54 = g - a. What are the prime factors of g?
71
Let z = -4555 + 7479. List the prime factors of z.
2, 17, 43
Let x = -21 + 21. Suppose x = 3*k - 5*j - 105, -2*k = 3*j + 12 - 63. What are the prime factors of k?
2, 3, 5
Let y = 22 - 20. Suppose -y*l = 5*l - 126. What are the prime factors of l?
2, 3
Let t(b) = -2*b**2 + 16*b + 7. Let a(p) = 0*p**2 + 0*p + 11*p - 3*p + 4 - p**2. Let s(n) = -5*a(n) + 3*t(n). What are the prime factors of s(6)?
13
Let g(j) = 14*j**2 - 3*j - 4. Let u be g(4). Let v be u/12 + (-2)/(-3). Let o = 38 - v. List the prime factors of o.
2, 5
Suppose 3*u - 2905 = -2*h + 480, -3*u + 3384 = 3*h. What are the prime factors of u?
1129
Let y be 54/(-4)*(-2)/3. Suppose 5*l = -2*m - 3*m + 30, -2*m = 5*l - y. Suppose 2*b = 4*n + 38, n + 8 + m = b. What are the prime factors of b?
11
Suppose -4*l = -6*l + 3*d + 775, -4*l + 5*d = -1553. List the prime factors of l.
2, 7
Suppose -4*w = -5*h - 4664, 6*w - w - 2*h - 5813 = 0. List the prime factors of w.
3, 43
What are the prime factors of 6 + 0 - (-35 + 43) - -328?
2, 163
Let o be (-2 - 0) + 2*(-45)/(-10). Suppose -3*i + i = -66. Suppose o*u - 2*u = f - 3, 0 = f + 5*u - i. List the prime factors of f.
2, 3
Let x be (-2)/4 + (-1066)/(-4). Suppose 6*v - 28 = x. What are the prime factors of v?
7
Suppose -28*p - 47*p + 117300 = 0. List the prime factors of p.
2, 17, 23
Suppose -2*p + 736 = 3*p - x, 289 = 2*p + 5*x. Let j = p + -81. What are the prime factors of j?
2, 3, 11
List the prime factors of 297/(-12)*(-7 - 53).
3, 5, 11
Let f = -172 - -310. What are the prime factors of f?
2, 3, 23
Let q be (-10)/(-4)*4/(-2). What are the prime factors of ((-141)/15 - q)*-20?
2, 11
Let w be 3 + -1 + 3 + -4. Let g be (43 - -4)*(w - 0). Let q = 73 - g. List the prime factors of q.
2, 13
Let k be 8/(-12) - 14/(-21). Suppose k = 2*g, -3*j + 9*g + 612 = 4*g. List the prime factors of j.
2, 3, 17
What are the prime factors of -1*3 + (-38 - -45)?
2
Suppose 4*m = -3*y + 7*y + 236, 0 = 4*m + 16. Let p = 142 + y. What are the prime factors of p?
79
Let c be 10/(-25) - (0 - 6856/(-10)). Let f = c - -985. What are the prime factors of f?
13, 23
Let i be (-40)/(-18) + (-4)/18. Suppose 4*p + 